4?
10
Suppose -299 + 902 = 67*r. What is the remainder when ((-1)/(-3) + -1)*-51 is divided by r?
7
Let o be 1/(-4) + 42/8. Suppose o*k = -y + 21 - 2, -3*k + 2*y = -1. Let r = k + -1. Calculate the remainder when 7 is divided by r.
1
Calculate the remainder when 164 is divided by -6*(-3)/((-54)/(-33)).
10
Let r = 6 + -4. Let u(w) = 18*w + 28. Let l be u(8). Suppose r*q = -4*d + 5*q + 251, 3*d + q = l. Calculate the remainder when d is divided by 12.
11
Let u(z) = -z + 154. Calculate the remainder when u(-11) is divided by 45.
30
Suppose -5*p - 3*g = -0*g + 11, -7 = 4*p + 3*g. Suppose i - a - 36 = -3*a, 4*i - 138 = -2*a. Calculate the remainder when i is divided by (2/p)/(17/(-306)).
7
Let u(h) be the first derivative of -2*h**3/3 + 2*h**2 + 5*h + 4. Let w(z) be the first derivative of u(z). Calculate the remainder when w(-4) is divided by 11.
9
Suppose 20*q - 456 = 8*q. Calculate the remainder when q is divided by 7.
3
Suppose m - 11 = 4*t, 5*m + 2*t - 8 = m. Let p = 1 + -1. Let v = p - -2. What is the remainder when m is divided by v?
1
Let u(q) = 29*q - 185. What is the remainder when u(13) is divided by 51?
39
Suppose 29*i = 24*i + 130. What is the remainder when 87 is divided by i?
9
Let t = 181 + -95. Calculate the remainder when t is divided by (-6)/(-14) - (-207)/7.
26
Let q(d) = d**3 - 49*d**2 + 10*d - 268. Calculate the remainder when q(49) is divided by 28.
26
Let k(u) = -u**3 - 102*u**2 - 486*u + 10. Suppose -58 = -2*z - 0*x + x, -5*z + 142 = -x. What is the remainder when z is divided by k(-5)?
13
Let c = 269 + -46. Calculate the remainder when c is divided by 45.
43
Suppose 0 = -5*z - 82 + 352. Calculate the remainder when z is divided by (94/(-33) - 4*(-2)/44)*-9.
6
Let b(p) = -p + 23 + 7 - 8. Let g(w) = 7*w**3 - 2*w**2 - 2*w + 1. What is the remainder when g(2) is divided by b(10)?
9
Let t be 21*-1 - (2 + 2). Let s = 37 - t. Calculate the remainder when s is divided by 22.
18
Let j = -585 + 761. Calculate the remainder when j is divided by 60.
56
Suppose 0 = 2*n - 16 + 14. Calculate the remainder when 113 is divided by n*(-3 + 2) - -20.
18
Let w = 531 - 510. Calculate the remainder when 104 is divided by w.
20
Calculate the remainder when (-87)/(-4)*(-88)/(-66) is divided by 8.
5
Let h(i) = -2*i**3 - 5*i**2 + 7*i - 4. Let k = -28 + 32. Let w be h(k). What is the remainder when w/(-7) - 16/56 is divided by 14?
12
Suppose 0 = -3*l - 16*l + 190. Calculate the remainder when 38 is divided by l.
8
Suppose -f - 2*i = -455, 2*f - 7*i + 5*i = 904. What is the remainder when f is divided by 116?
105
What is the remainder when (-356 + -7)*3/(-9) is divided by 34?
19
Calculate the remainder when (-1*5 + (-15)/3)*-1 is divided by (3/6)/((-1)/(-8)).
2
Let o = -6 + 8. Suppose 8 = o*p - 4. Suppose -4*h - p = -54. Calculate the remainder when 22 is divided by h.
10
Calculate the remainder when (-1 - 14/(-4))*59496/555 is divided by 34.
30
Let r(g) = -g**2 + 20*g - 61. Calculate the remainder when r(6) is divided by 20/6 - (-12)/18.
3
What is the remainder when 378 is divided by 86/774 + 683/9?
74
Let b(o) = 4*o + 4. Suppose -3*f - 3 + 57 = 0. Calculate the remainder when f is divided by b(2).
6
Suppose 0 = 2*d + 2*d - 4*h - 500, 5*d - 617 = -3*h. Suppose -4*q = 6*r - 2*r - d, -3*q - 138 = -4*r. What is the remainder when r is divided by 18?
15
Let v = -37 + 6. Let u = v - -36. What is the remainder when 23 is divided by u?
3
Let p(r) = -r**3 + 18*r**2 - 17*r + 30. What is the remainder when (6/(-9))/((-5)/660) is divided by p(17)?
28
Suppose -380 = -4*h - 3*t, 4*h - 84 = -t + 304. Let x(f) = -2*f + 6. What is the remainder when h is divided by x(-7)?
18
Suppose -19*o + 16*o + 219 = 0. What is the remainder when o is divided by 25?
23
Suppose -2*z + 6 = 0, b - 10*z - 126 = -8*z. Suppose -4*j - b = -8*j. What is the remainder when 98 is divided by j?
32
Let z = -247 - -364. Suppose -2 = 3*a - 14. Suppose -t + z = a*t + 4*s, 2*t + 5*s = 57. Calculate the remainder when 61 is divided by t.
19
Let d(j) = 5*j**2 - j. Let t be d(-2). Suppose -2*f - 3*l + 18 = 0, t = 2*f + l - 0. What is the remainder when ((-3)/9)/(-1)*f is divided by 3?
1
Let w(c) = c - 1 - 4 + 4 + 2*c. What is the remainder when w(10) is divided by (-18)/27*-1*24?
13
Let d(n) = 4*n + 3. Let l(w) = w**2 - 9*w + 5. Let a be l(9). Calculate the remainder when d(5) is divided by a + 2 + 4/(-2).
3
Let x = -7 - -12. Suppose x*m - 4326 = 2*m. Calculate the remainder when ((-1)/(-2))/(7/m) is divided by 26.
25
Suppose -4*u + 7 = 3. Let f = 164 - 162. Calculate the remainder when f is divided by u.
0
Suppose 4*y = 3*z - 0*z + 9, 13 = -4*z + 5*y. Let i = 3 + -2. What is the remainder when i is divided by (-3)/z - (-16)/28?
0
Suppose -j + 4*c = -5, 2*j + 6 - 19 = 5*c. What is the remainder when j is divided by ((-4)/(-6))/((-2)/(-18))?
3
Suppose -6 + 1 = 3*f + 5*m, 4 = -4*m. Suppose f*g + g = 9. Suppose 4*z + 0*z = -4*j + 88, -4*j = z - 16. Calculate the remainder when z is divided by g.
6
Let q(u) = u + u**2 - 11 - u - 2*u. Calculate the remainder when q(-8) is divided by 24.
21
Calculate the remainder when 43294/33 - 210/(-3465) is divided by 73.
71
Calculate the remainder when (-122100)/296*8/(-6) is divided by 111.
106
Suppose 4*n - 57 = -s, 0 = n + 2*n - s - 41. Suppose 14 = 7*i - n. Calculate the remainder when 7 is divided by i.
3
Let j = 35 + -19. Let g = j + -3. What is the remainder when 24 is divided by g?
11
Let z = 17897 + -17891. Suppose 0 = 6*k - 3*k - 12. Suppose -k*r + 2*v - 3 = -57, -3*r = 5*v - 73. What is the remainder when r is divided by z?
4
Let b(n) = 38*n**2 - 6*n + 1. Let d be b(2). Suppose 0 = 14*s - 11*s - d. What is the remainder when s is divided by -2*(1 - 19/2)?
13
Suppose 4*i + 0*a = a - 199, 3*a = -i - 66. Calculate the remainder when 165 is divided by i/(65/(-26) - 1/(-1)).
29
Suppose 6*m + 5*m = 847. Calculate the remainder when m is divided by 17.
9
Suppose 351*d - 1804 = 329*d. Calculate the remainder when 301 is divided by d.
55
Suppose -j = 0, 0*j - 5*j + 14 = -o. Let b = -99 + 178. Calculate the remainder when b is divided by -16*(-3 + o/(-8)).
19
Suppose -56 - 34 = -5*u - 5*c, 0 = 4*u + 3*c - 68. Calculate the remainder when 31 is divided by u.
3
Let c = 40 + -39. Suppose -4 = i - c, -2*i = 5*n - 9. Calculate the remainder when 5 is divided by n.
2
Let s = -579 + 598. Calculate the remainder when s is divided by 1 + -1*(1 + -3).
1
Let r(q) = 1358*q**3 + q**2 - 3*q + 2. Let f be r(1). Suppose 20*k - f = 1262. Calculate the remainder when k is divided by 19.
17
Let k = 1131 - 1067. Calculate the remainder when 342 is divided by k.
22
Suppose -4*h + 2 = -6. Suppose -n = 5*k - 53, 0 = -h*n - 2*n - 4*k + 180. Calculate the remainder when n is divided by 22.
21
Suppose -18*h + 15*h + 1092 = 0. What is the remainder when (0 + -26)*h/(-56) is divided by 17?
16
Suppose -2*g = 3*g - 75. Suppose 0 = -3*f + 4*r + g - 6, 3*f - 3*r = 9. Suppose 0 = -0*l - 7*l + 49. What is the remainder when l is divided by f?
1
Suppose 20 = 5*t - 5, -5*r + t - 220 = 0. Let s = r - -48. Calculate the remainder when 11 is divided by s.
1
Let n = -81 - -138. Suppose -7*k + 41*k - 300 = 414. What is the remainder when n is divided by k?
15
Let q = 12 - -110. Calculate the remainder when q is divided by 4.
2
Let w(o) = o**2 - 9*o - 14. Let v = -2 - -16. What is the remainder when w(v) is divided by (116/(-8))/((-2)/4)?
27
Suppose -5*y - 5*y = 0. Suppose -2*c + 8 = -y*c. What is the remainder when c is divided by 1?
0
Suppose -3*p + 64 = p. Let h(k) = -k**2 + 20*k - 26. Suppose -42 = -3*n - 0*g - 3*g, 0 = -3*n - g + 50. Calculate the remainder when p is divided by h(n).
6
Suppose g + 2*f = 50, -4*f + 150 = 13*g - 10*g. What is the remainder when 167 is divided by g?
17
Let g = 19 + -23. What is the remainder when (2*g/12)/((-2)/111) is divided by 23?
14
Suppose -2*l + 3*l = 38. Suppose 5*s + t = -197, -s - l - 7 = 3*t. What is the remainder when ((-442)/s)/((-1)/(-3)) is divided by 9?
7
Let c = 1058 + -925. Calculate the remainder when c is divided by 80.
53
Suppose 25 = m + 4*i, -4*m = m + 4*i - 61. Let o be (-242)/((-2)/2) + -6. Let k = -201 + o. What is the remainder when k is divided by m?
8
Let r = 1540 - 1288. Calculate the remainder when r is divided by 48.
12
Suppose -4*o = 